1112 - -10?
-10001000211111102
In base 9, what is 3 + 203563052?
203563055
In base 5, what is -22214 - -133230?
111011
In base 11, what is -1449 + -116a6?
-13044
In base 8, what is 2435603 + 1?
2435604
In base 15, what is bb - -4a22?
4add
In base 7, what is -365405 - -222?
-365153
In base 14, what is 6666c + da?
66768
In base 12, what is -19 - -79744?
79727
In base 2, what is -11001100100111 + -10101000100?
-11100001101011
In base 3, what is -122102102 - 10212212112?
-11112021221
In base 12, what is 3ba63 - 2?
3ba61
In base 15, what is 15e2 - b04b?
-9959
In base 8, what is 4 - 1020024671?
-1020024665
In base 10, what is 38508763 + -5?
38508758
In base 11, what is -16892 + 213a?
-14753
In base 10, what is -3983 + 17666?
13683
In base 3, what is -201 + -1021220110121110?
-1021220110122011
In base 12, what is -11b3a3 + 30?
-11b373
In base 6, what is -31001 - -142423?
111422
In base 12, what is -4 - -130a997?
130a993
In base 10, what is -1155818 - -56?
-1155762
In base 16, what is 753 - -34d63?
354b6
In base 6, what is -214125 - -120413?
-53312
In base 16, what is -1172986 + -3?
-1172989
In base 10, what is 796 + 10265?
11061
In base 14, what is -5cb - 160155?
-160742
In base 7, what is -156241200 - -21?
-156241146
In base 5, what is -11204033 + -24133?
-11233221
In base 15, what is 6a06c - -43d?
6a4aa
In base 3, what is -10 - 201012201120121?
-201012201120201
In base 12, what is -378b + 2145?
-1646
In base 11, what is 211926a - 0?
211926a
In base 13, what is 4221798 - 4?
4221794
In base 9, what is -336755 - 7515?
-345371
In base 3, what is 1100212 - -12000021?
20101010
In base 12, what is 4 + -5226896?
-5226892
In base 8, what is 1116310 + -116?
1116172
In base 12, what is -1258211b6 - 3?
-1258211b9
In base 5, what is -4142414 + -20?
-4142434
In base 12, what is 2 + 2065690?
2065692
In base 4, what is 2 + -312202300020?
-312202300012
In base 7, what is 4 + 23431402?
23431406
In base 8, what is 16252 + 266?
16540
In base 13, what is 26 + -39aa65?
-39aa3c
In base 2, what is -10100000110 - -1001000111010001?
1000110011001011
In base 14, what is dc - b2868?
-b276a
In base 2, what is 10110100111010000011 - 1010?
10110100111001111001
In base 5, what is -1223 - 43324222?
-43331000
In base 8, what is 10634 + -20512?
-7656
In base 11, what is 673a2 + -2?
673a0
In base 5, what is 10230 - -41040314?
41101044
In base 10, what is 125252540 + 2?
125252542
In base 16, what is -5 + 163fab2d?
163fab28
In base 10, what is -4875 - 6997?
-11872
In base 15, what is -872 + -8cd1?
-9653
In base 5, what is -21212 - -1221434?
1200222
In base 14, what is -8cc5 - 1b9?
-90a0
In base 11, what is 51 + -865168?
-865117
In base 8, what is 1 + 2244531?
2244532
In base 5, what is 1 + 11431443021?
11431443022
In base 15, what is 82 - -927b?
930d
In base 15, what is 3e + -9a79d6?
-9a7997
In base 15, what is -82 + d43?
cb1
In base 3, what is 21 + 10020102200100?
10020102200121
In base 13, what is -a00a1c - 4?
-a00a23
In base 8, what is 1137620 - -341?
1140161
In base 5, what is -3040 + -2211014?
-2214104
In base 16, what is -ce - 9ab6?
-9b84
In base 5, what is -100 + 13242213?
13242113
In base 11, what is -1252642 + 13?
-125262a
In base 4, what is -1 - 210132321303?
-210132321310
In base 7, what is 246 - 156534?
-156255
In base 7, what is -131361 - -212415?
51024
In base 4, what is 10101332023213 + 11?
10101332023230
In base 7, what is -641 - 42026?
-43000
In base 9, what is -71 + -15476?
-15557
In base 8, what is 4266243 + 0?
4266243
In base 9, what is -8 + -1316352?
-1316361
In base 2, what is 0 + 1100001100100010000100?
1100001100100010000100
In base 7, what is -3324455 + -106?
-3324564
In base 13, what is 4 + b618b17?
b618b1b
In base 15, what is 531b9 + -2c7?
52de2
In base 4, what is -112 + -2000013023?
-2000013201
In base 15, what is -187cd115 + -5?
-187cd11a
In base 7, what is 4624 - -356240?
364164
In base 2, what is -110010010011100110111 - 101000?
-110010010011101011111
In base 10, what is 8 + 824389?
824397
In base 16, what is 5751a4 - 3?
5751a1
In base 15, what is 3a - 1517a2?
-151767
In base 10, what is -70441816 - 5?
-70441821
In base 3, what is -22122010 - -20200212?
-1221021
In base 12, what is 4440b - -5b61?
4a370
In base 12, what is -54 - -7664a0?
766448
In base 16, what is -72 + 1f6de?
1f66c
In base 2, what is -11011000 - 11110001011110?
-11110100110110
In base 9, what is -7501434 - 122?
-7501556
In base 7, what is -112112412 - -3?
-112112406
In base 15, what is 4e5 + 7d49?
833e
In base 11, what is -98 + -36000?
-36098
In base 14, what is -3 - aaab4?
-aaab7
In base 12, what is -3 - 1472b?
-14732
In base 15, what is -edc7a - 2ea?
-ee075
In base 6, what is -4315 + -51130?
-55445
In base 8, what is -24173 - 621?
-25014
In base 4, what is 21 - -13030002132?
13030002213
In base 10, what is -27339 + 2405?
-24934
In base 9, what is 4 - 20003135?
-20003131
In base 6, what is 310 + 2114504?
2115214
In base 16, what is -5 - -34f51?
34f4c
In base 4, what is -1112 + 3101020?
3033302
In base 14, what is -3 - -32819a?
328197
In base 9, what is 56214812 + -13?
56214788
In base 5, what is 320024441 - 10?
320024431
In base 4, what is -202110 + 121001?
-21103
In base 15, what is -6603d98 + 5?
-6603d93
In base 8, what is 5164156 + 47?
5164225
In base 12, what is 0 - -1277291?
1277291
In base 5, what is -33022 - 32224013?
-32312040
In base 2, what is -10110001001001 + 1101101000011?
-1000100000110
In base 3, what is -1002000000001 - 2020?
-1002000002021
In base 6, what is -3 - -5550530402?
5550530355
In base 4, what is -3 - -22121330001010?
22121330001001
In base 7, what is -100534645 + 3?
-100534642
In base 6, what is 201 - -11111421?
11112022
In base 10, what is -756889 - 25?
-756914
In base 6, what is -4 + -124332424?
-124332432
In base 14, what is -b4 + 83a170?
83a09a
In base 2, what is -1111000101010 - -1001110101?
-1101110110101
In base 7, what is -6 + 16615516?
16615510
In base 3, what is 12222222 - -2200111?
22200110
In base 16, what is 5b45fc1 + -4?
5b45fbd
In base 4, what is 322201213 - -122?
322202001
In base 13, what is 356982 - 10?
356972
In base 14, what is -61d + -2d74?
-3593
In base 8, what is -53045064 - 41?
-53045125
In base 6, what is -4410553052 + -4?
-4410553100
In base 6, what is 1153012 + -3202?
1145410
In base 3, what is 20210012001000101 + 2?
20210012001000110
In base 6, what is -1112314411 - -214?
-1112314153
In base 6, what is -203 + -1212045?
-1212252
In base 6, what is 133440014 + -101?
133435513
In base 5, what is 124020 - 14042231?
-13413211
In base 3, what is 111121002 + 100002112?
211200121
In base 4, what is -320103120021 - 11?
-320103120032
In base 11, what is 2 + -714997?
-714995
In base 14, what is d6b - -cd?
105a
In base 3, what is 100222122212101 + 11?
100222122212112
In base 16, what is 7d897 - -14?
7d8ab
In base 12, what is -215ba - 24?
-21622
In base 12, what is -2579 + -64075?
-66632
In base 4, what is -1232212300311 - 12?
-1232212300323
In base 7, what is 413 + 44451?
45164
In base 7, what is 2 - 25351511?
-25351506
In base 13, what is 2b + 532c114?
532c142
In base 5, what is 11 - -2102121312?
2102121323
In base 15, what is -191 - -191eb1?
191d20
In base 14, what is 60909c + 155?
609213
In base 11, what is 84 - 2a3844?
-2a3770
In base 9, what is -22726140 + -4?
-22726144
In base 15, what is -1613 + b97c?
a369
In base 2, what is 11000110 + -11100011100101110?
-11100011001101000
In base 7, what is 1422 - -56220?
60642
In base 8, what is 11 + 646755?
646766
In base 4, what is 10233 - -3011210?
3022103
In base 4, what is -11 - 103032013113?
-103032013130
In base 9, what is 0 + -56177002?
-56177002
In base 16, what is 2084f8 + 1f?
208517
In base 5, what is 1233340100 + 42?
1233340142
In base 14, what is -1b598 + -2cd?
-1b887
In base 9, what is 2122562 - 0?
2122562
In base 15, what is -8eed + 21e7?
-6d06
In base 12, what is -22 + -10420?
-10442
In base 2, what is 1100010010011100100111 + 1001?
1100010010011100110000
In base 10, what is -698067541 - -4?
-698067537
In base 7, what is 364 + 1044232?
1044626
In base 2, what is 10000110010000100100 - 1100010?
10000110001111000010
In base 5, what is 3 + -1101133003?
-1101133000
In base 13, what is 395495 - -34?
3954c9
In base 11, what is 6 - 2686?
-2680
In base 13, what is 3582b - 5919?
2cc12
In ba